28ab02
Convert -14856544 (base 9) to base 2.
-11100010011001101111101
Convert -3561c (base 13) to base 9.
-158023
ac9541 (base 14) to base 13
12a46c2
What is -59f28c (base 16) in base 15?
-7b6916
What is -902a7 (base 14) in base 9?
-577008
What is 101011010111011000011011 (base 2) in base 9?
23345820
What is -d7cd (base 16) in base 6?
-1103433
What is 5c990b (base 13) in base 10?
2220502
Convert 21021102202 (base 3) to base 13.
50246
What is -124040220 (base 5) in base 2?
-10010101011001011111
Convert 11112120101 (base 3) to base 8.
256411
Convert -2100332023 (base 4) to base 13.
-17a382
7600516 (base 9) to base 7
46430613
What is 3333214330 (base 5) in base 12?
2550111
What is 3515605 (base 7) in base 5?
103111042
What is 92859 (base 10) in base 4?
112222323
-884a1 (base 16) to base 12
-22b081
Convert 1015243515 (base 6) to base 3.
201222011121002
-a1271 (base 11) to base 3
-21112002202
What is 121120011110 (base 3) in base 16?
4f95f
What is -1010220101122 (base 3) in base 5?
-123431043
Convert -206144 (base 10) to base 15.
-4112e
What is -45923 (base 11) in base 16?
-1031d
3333331232 (base 4) to base 13
2a9296
Convert -2236335 (base 9) to base 16.
-126440
What is -10111010001100010011 (base 2) in base 9?
-1382131
What is -22230000132 (base 4) in base 6?
-140014450
3b4a8 (base 12) to base 10
81920
What is 1ba73 (base 16) in base 8?
335163
Convert 6077019 (base 10) to base 7.
102440154
What is 1d7ac7 (base 16) in base 12?
79205b
What is bed69 (base 16) in base 3?
1110201020212
-310014504 (base 6) to base 8
-24230650
Convert -1000000010000111101 (base 2) to base 7.
-2144301
Convert -1012110021100000 (base 3) to base 12.
-5939346
Convert 2220312111 (base 4) to base 16.
a8d95
What is -a3edd (base 15) in base 6?
-15050101
Convert 344a8b (base 12) to base 16.
cc90b
-4657273 (base 8) to base 6
-43113003
Convert -12420611 (base 7) to base 6.
-40124525
What is 36eb71 (base 16) in base 10?
3599217
-1000025 (base 10) to base 12
-402875
3435360 (base 7) to base 5
102214112
112002012000 (base 3) to base 13
991c8
31310233 (base 5) to base 4
333133210
Convert 1011001000001111010 (base 2) to base 7.
3046111
Convert -5443515 (base 6) to base 2.
-1000010000001000111
5f4b72 (base 16) to base 11
3586156
What is -204575 (base 10) in base 3?
-101101121212
What is -20963 (base 14) in base 16?
-1335b
-284161 (base 10) to base 14
-757b3
What is -537bb (base 12) in base 5?
-12010030
-10021222111201 (base 3) to base 6
-101312244
-2344606 (base 7) to base 5
-34000440
Convert -262697 (base 10) to base 14.
-6ba41
Convert -4521314 (base 6) to base 2.
-110111110001001110
Convert 466325 (base 15) to base 4.
30310312202
138b3 (base 13) to base 9
55242
What is -154b93 (base 14) in base 9?
-1352378
11111110000101101001010 (base 2) to base 5
4112412322
-971302 (base 12) to base 9
-4437062
-169ca (base 13) to base 12
-21172
Convert -2000339 (base 11) to base 14.
-683531
What is 122877 (base 10) in base 8?
357775
-2212030032 (base 4) to base 7
-5533413
What is -4a975 (base 15) in base 7?
-2012000
210022000022 (base 3) to base 16
6656f
1012001122 (base 4) to base 5
33134220
1310222132 (base 4) to base 13
139670
Convert -753921 (base 11) to base 8.
-4462643
Convert -724349 (base 13) to base 11.
-1560719
Convert -3010131230 (base 4) to base 15.
-10d67b
What is 100101111221101 (base 3) in base 12?
1807861
What is -2bd2a (base 15) in base 3?
-21011212211
-65414233 (base 7) to base 2
-10101010111010101110010
111000111001000001100010 (base 2) to base 11
846691a
Convert 4171163 (base 8) to base 15.
16e12d
Convert 100100011000001100 (base 2) to base 15.
2e239
What is -1482b84 (base 12) in base 10?
-4152340
What is 125621014 (base 7) in base 12?
286b06a
Convert 941d13 (base 16) to base 12.
3301417
What is -101010001111001010 (base 2) in base 16?
-2a3ca
Convert 136c366 (base 13) to base 2.
10111011010110010000001
Convert 233003130223 (base 4) to base 3.
212012200021211
712b50 (base 13) to base 16
2830ca
What is 9334a (base 11) in base 14?
378b1
222343330 (base 5) to base 9
1754720
-319a8 (base 16) to base 3
-101022201001
Convert -1112024103 (base 6) to base 2.
-101110010010011010100111
Convert 85313 (base 9) to base 4.
31301010
Convert 13cc8 (base 14) to base 2.
1100000000011000
What is 100011111000001111 (base 2) in base 6?
3052211
Convert -1000000100100000000 (base 2) to base 9.
-442671
Convert -1766b (base 12) to base 11.
-23419
-1100001110111011 (base 2) to base 5
-3100412
10202111102012 (base 3) to base 5
1002412022
What is 1164553 (base 10) in base 4?
10130110021
Convert 4d7143 (base 14) to base 9.
5018702
94b85 (base 12) to base 10
195221
-542531 (base 6) to base 13
-17461
What is 1001111001101111 (base 2) in base 14?
10ad1
24346003 (base 7) to base 14
40a53a
7c6b56 (base 15) to base 14
b0ac55
121031123200 (base 4) to base 5
3142433413
Convert 133b27 (base 14) to base 11.
413548
What is -3110231 (base 4) in base 15?
-4078
Convert -44b03 (base 15) to base 9.
-362623
What is 390158 (base 13) in base 2?
101001110110000100010
What is 207632 (base 10) in base 4?
302230100
1110010100 (base 3) to base 13
cc9c
1431303122 (base 5) to base 11
2149583
What is -7304148 (base 9) in base 16?
-3b8373
Convert -22254585 (base 9) to base 12.
-3740295
366c23 (base 14) to base 6
103532051
What is -32b47a (base 12) in base 9?
-1460784
2414537 (base 10) to base 16
24d7c9
What is 344365 (base 8) in base 9?
187418
What is 110000012010200 (base 3) in base 12?
2178890
Convert -323143120 (base 5) to base 8.
-5211253
-1034553 (base 6) to base 8
-144645
16563742 (base 8) to base 9
7233478
227272 (base 8) to base 6
1354442
-344720 (base 10) to base 3
-122111212102
-6cc82 (base 13) to base 7
-1461460
What is -156382 (base 9) in base 2?
-10111100100100001
-79dc36 (base 16) to base 11
-456519a
-af3c (base 16) to base 4
-22330330
b0e7 (base 15) to base 11
26068
Convert 13327 (base 13) to base 6.
433124
-27762 (base 11) to base 9
-60174
Convert -7113965 (base 11) to base 13.
-27b6a48
Convert 11322121221 (base 4) to base 8.
5723151
Convert -656167 (base 8) to base 16.
-35c77
-20042670 (base 8) to base 2
-10000000100010110111000
What is -2453401 (base 6) in base 16?
-20269
-201464 (base 7) to base 4
-20112113
What is -336498 (base 15) in base 13?
-67a990
What is 11b5a0 (base 13) in base 2?
1100111110000100100
Convert 6130797 (base 11) to base 2.
101001010101010101011101
1b8753 (base 12) to base 14
cb343
What is 858968 (base 11) in base 6?
45234240
-200022101210 (base 3) to base 7
-3030531
What is -458b23 (base 12) in base 15?
-170313
What is 7a6010 (base 13) in base 4?
23003133000
What is -2bcb21 (base 16) in base 8?
-12745441
-295806 (base 12) to base 3
-1022021002220
-223563 (base 7) to base 4
-21230313
What is -30140010 (base 5) in base 11?
-154357
21021120220112 (base 3) to base 5
1442310330
What is -56616 (base 12) in base 3?
-12211122200
Convert 33101300 (base 4) to base 15.
1381b
-11416 (base 10) to base 14
-4236
What is -1794a3 (base 11) in base 10?
-276114
What is -20244000 (base 6) in base 7?
-4641153
17101030 (base 8) to base 16
3c8218
1aa9478 (base 12) to base 3
101201111000202
a883b (base 16) to base 6
22443311
-1547125 (base 9) to base 13
-240797
Convert -179120 (base 12) to base 5.
-101102304
What is -1151460 (base 7) in base 8?
-437142
What is -295b8 (base 15) in base 2?
-100000011100111011
4cb3e (base 15) to base 6
5132422
2433203332 (base 5) to base 16
57d72d
What is -eaab (base 15) in base 10?
-49661
Convert 175022 (base 9) to base 6.
2154545
-96456 (base 10) to base 14
-2721a
1017833 (base 11) to base 5
424442043
-1d9443 (base 15) to base 7
-15213006
Convert 15330451 (base 6) to base 16.
83fbf
Convert 624a7 (base 13) to base 16.
2b1bd
Convert -20563314 (base 9) to base 6.
-552131104
What is -3797073 (base 11) in base 7?
-106646010
What is 3314861 (base 10) in base 12?
113a3a5
41154 (base 16) to base 8
1010524
386837 (base 12) to base 9
1657367
-facd0 (base 16) to base 4
-3322303100
Convert -1012440 (base 5) to base 7.
-66312
Convert -4ca98d (base 14) to base 9.
-4865550
What is 8a88 (base 11) in base 6?
131202
Convert -374751 (base 8) to base 5.
-13121023
Convert 322101110 (base 4) to base 6.
5040552
What is -2702513 (base 8) in base 2?
-10111000010101001011
Convert -14657263 (base 8) to base 2.
